
    {"id":4253,"date":"2018-02-20T10:19:40","date_gmt":"2018-02-20T10:19:40","guid":{"rendered":"http:\/\/demo2.dipartimenti.unimib.it\/wp_macsis\/?page_id=4253"},"modified":"2023-09-30T08:38:10","modified_gmt":"2023-09-30T08:38:10","slug":"news","status":"publish","type":"page","link":"https:\/\/www.macsis.unimib.it\/news\/","title":{"rendered":"News"},"content":{"rendered":"<div id=\"pl-4253\"  class=\"panel-layout\" ><div id=\"pg-4253-0\"  class=\"panel-grid panel-no-style\" ><div id=\"pgc-4253-0-0\"  class=\"panel-grid-cell\" ><div id=\"panel-4253-0-0-0\" class=\"so-panel widget widget_sow-editor panel-first-child panel-last-child\" data-index=\"0\" ><div\n\t\t\t\n\t\t\tclass=\"so-widget-sow-editor so-widget-sow-editor-base\"\n\t\t\t\n\t\t>\n<div class=\"siteorigin-widget-tinymce textwidget\">\n\t<p>Gioved\u00ec <strong>19<\/strong><strong> ottobre<\/strong> dalle 14:30 alle 17:30 in <strong>Sala Biancamano, Museo Leonardo da Vinci, via Olona 6\/bis <\/strong>si terr\u00e0 il convegno \u201cLa scienza si racconta\u201d, organizzato dagli studenti del <strong>Master MaCSIS<\/strong> con <strong><a href=\"https:\/\/www.zadig.it\/\">Zadig<\/a><\/strong>, <a href=\"https:\/\/www.scienzainrete.it\/\"><b>Scienza in Rete<\/b><\/a>\u00a0e il <a href=\"https:\/\/www.museoscienza.org\/it\"><strong>Museo Nazionale della Scienza e Tecnologia Leonardo da Vinci<\/strong><\/a>.<\/p>\n<p>L\u2019evento sar\u00e0 fruibile in modalit\u00e0 mista. La partecipazione in presenza \u00e8 possibile previa\u00a0<strong>prenotazione<\/strong> su\u00a0Eventbrite.it. Il convegno sar\u00e0 trasmesso in <strong>diretta streaming\u00a0<\/strong>sul canale YouTube di Scienza in Rete.<br \/>\n&nbsp;<\/p>\n<p><img loading=\"lazy\" decoding=\"async\" class=\"alignnone wp-image-5317\" src=\"https:\/\/www.macsis.unimib.it\/wp-content\/uploads\/sites\/105\/2023\/09\/Locandina_convegno23-212x300.png\" alt=\"\" width=\"286\" height=\"405\" srcset=\"https:\/\/www.macsis.unimib.it\/wp-content\/uploads\/sites\/105\/2023\/09\/Locandina_convegno23-212x300.png 212w, https:\/\/www.macsis.unimib.it\/wp-content\/uploads\/sites\/105\/2023\/09\/Locandina_convegno23-724x1024.png 724w, https:\/\/www.macsis.unimib.it\/wp-content\/uploads\/sites\/105\/2023\/09\/Locandina_convegno23-768x1086.png 768w, https:\/\/www.macsis.unimib.it\/wp-content\/uploads\/sites\/105\/2023\/09\/Locandina_convegno23-1086x1536.png 1086w, https:\/\/www.macsis.unimib.it\/wp-content\/uploads\/sites\/105\/2023\/09\/Locandina_convegno23-1448x2048.png 1448w, https:\/\/www.macsis.unimib.it\/wp-content\/uploads\/sites\/105\/2023\/09\/Locandina_convegno23.png 1587w\" sizes=\"auto, (max-width: 286px) 100vw, 286px\" \/><\/p>\n<p>&nbsp;<\/p>\n<p>&nbsp;<\/p>\n<\/div>\n<\/div><\/div><\/div><\/div><\/div>","protected":false},"excerpt":{"rendered":"<p>Gioved\u00ec 19 ottobre dalle 14:30 alle 17:30 in Sala Biancamano, Museo Leonardo da Vinci, via Olona 6\/bis si terr\u00e0 il [&hellip;]<\/p>\n","protected":false},"author":8,"featured_media":0,"parent":0,"menu_order":0,"comment_status":"closed","ping_status":"closed","template":"","meta":{"_acf_changed":false,"_eb_attr":"","_themeisle_gutenberg_block_has_review":false,"_ti_tpc_template_sync":false,"_ti_tpc_template_id":"","footnotes":""},"class_list":["post-4253","page","type-page","status-publish","hentry"],"acf":[],"_links":{"self":[{"href":"https:\/\/www.macsis.unimib.it\/wp-json\/wp\/v2\/pages\/4253","targetHints":{"allow":["GET"]}}],"collection":[{"href":"https:\/\/www.macsis.unimib.it\/wp-json\/wp\/v2\/pages"}],"about":[{"href":"https:\/\/www.macsis.unimib.it\/wp-json\/wp\/v2\/types\/page"}],"author":[{"embeddable":true,"href":"https:\/\/www.macsis.unimib.it\/wp-json\/wp\/v2\/users\/8"}],"replies":[{"embeddable":true,"href":"https:\/\/www.macsis.unimib.it\/wp-json\/wp\/v2\/comments?post=4253"}],"version-history":[{"count":4,"href":"https:\/\/www.macsis.unimib.it\/wp-json\/wp\/v2\/pages\/4253\/revisions"}],"predecessor-version":[{"id":5168,"href":"https:\/\/www.macsis.unimib.it\/wp-json\/wp\/v2\/pages\/4253\/revisions\/5168"}],"wp:attachment":[{"href":"https:\/\/www.macsis.unimib.it\/wp-json\/wp\/v2\/media?parent=4253"}],"curies":[{"name":"wp","href":"https:\/\/api.w.org\/{rel}","templated":true}]}}